 47 (base 10) in base 7?
65
Convert 1110 (base 3) to base 13.
30
Convert -135 (base 11) to base 16.
-9f
-14 (base 9) to base 6
-21
Convert -1000 (base 2) to base 8.
-10
Convert -1 (base 14) to base 7.
-1
What is -9 (base 12) in base 13?
-9
Convert -10010 (base 2) to base 5.
-33
1 (base 12) to base 14
1
31 (base 10) to base 9
34
8 (base 16) to base 3
22
-11 (base 3) to base 7
-4
Convert -190 (base 10) to base 4.
-2332
2 (base 16) to base 4
2
Convert 10 (base 2) to base 7.
2
Convert -180 (base 11) to base 9.
-252
What is -311 (base 11) in base 6?
-1423
21 (base 12) to base 15
1a
2 (base 13) to base 11
2
Convert 18 (base 11) to base 15.
14
What is -d (base 16) in base 12?
-11
Convert -2e (base 15) to base 13.
-35
-1 (base 13) to base 14
-1
Convert 4 (base 13) to base 10.
4
What is -15 (base 8) in base 9?
-14
Convert -2 (base 4) to base 5.
-2
What is 3 (base 15) in base 9?
3
Convert -1 (base 9) to base 13.
-1
2 (base 6) to base 15
2
Convert 1 (base 12) to base 14.
1
-1a (base 13) to base 6
-35
What is -1333 (base 4) in base 5?
-1002
220 (base 3) to base 9
26
0 (base 10) to base 16
0
Convert -4 (base 13) to base 8.
-4
Convert c (base 15) to base 7.
15
41 (base 5) to base 12
19
11b (base 12) to base 5
1132
1321 (base 4) to base 13
94
What is -88 (base 15) in base 9?
-152
Convert -10 (base 3) to base 16.
-3
Convert -111100 (base 2) to base 4.
-330
Convert 25 (base 14) to base 2.
100001
What is -3 (base 15) in base 14?
-3
What is -d (base 14) in base 4?
-31
Convert 33 (base 7) to base 9.
26
11 (base 7) to base 2
1000
What is -11111 (base 2) in base 7?
-43
-63 (base 9) to base 7
-111
What is 1434 (base 5) in base 15?
114
-b (base 12) to base 10
-11
Convert 37 (base 8) to base 11.
29
-152 (base 6) to base 12
-58
What is -221 (base 3) in base 11?
-23
-4 (base 12) to base 14
-4
19 (base 12) to base 2
10101
Convert -10 (base 6) to base 13.
-6
What is -2 (base 4) in base 8?
-2
What is 145 (base 11) in base 6?
442
7 (base 12) to base 10
7
What is -101 (base 2) in base 15?
-5
What is -15 (base 7) in base 5?
-22
What is -224 (base 6) in base 2?
-1011000
What is -5 (base 8) in base 3?
-12
What is 9 (base 14) in base 16?
9
Convert -12 (base 6) to base 10.
-8
Convert -1b (base 13) to base 8.
-30
Convert 2 (base 10) to base 7.
2
What is 179 (base 12) in base 4?
3231
Convert -2 (base 13) to base 14.
-2
Convert 10011001 (base 2) to base 15.
a3
-a2 (base 16) to base 6
-430
5 (base 9) to base 13
5
Convert -30 (base 8) to base 7.
-33
Convert -33 (base 4) to base 2.
-1111
Convert 3 (base 16) to base 15.
3
What is 2 (base 5) in base 9?
2
-11120 (base 3) to base 14
-8b
2100 (base 3) to base 11
58
What is 0 (base 3) in base 14?
0
111 (base 2) to base 15
7
Convert 242 (base 7) to base 8.
200
What is 1535 (base 6) in base 14?
21d
Convert -1111000 (base 2) to base 10.
-120
What is 223 (base 7) in base 10?
115
What is -68 (base 11) in base 14?
-54
Convert a (base 12) to base 2.
1010
What is 1 (base 15) in base 10?
1
Convert -313 (base 5) to base 9.
-102
-18 (base 13) to base 15
-16
Convert -10010011 (base 2) to base 14.
-a7
What is 4 (base 12) in base 8?
4
2 (base 4) to base 9
2
What is 2d (base 16) in base 5?
140
3 (base 13) to base 16
3
What is -10 (base 4) in base 16?
-4
What is -9c (base 15) in base 11?
-124
Convert 100 (base 5) to base 3.
221
Convert 232 (base 7) to base 13.
94
Convert 6 (base 13) to base 8.
6
What is 62 (base 12) in base 15?
4e
Convert 28 (base 10) to base 13.
22
Convert -12 (base 3) to base 5.
-10
What is 1111 (base 2) in base 11?
14
Convert 32 (base 7) to base 10.
23
What is -1 (base 8) in base 9?
-1
a (base 14) to base 10
10
What is -1 (base 7) in base 8?
-1
-54 (base 11) to base 12
-4b
Convert 4 (base 16) to base 7.
4
10 (base 4) to base 9
4
Convert -50 (base 8) to base 2.
-101000
-222 (base 4) to base 13
-33
10 (base 6) to base 4
12
5 (base 7) to base 16
5
What is 1302 (base 4) in base 15?
79
What is 12 (base 10) in base 4?
30
3 (base 5) to base 4
3
-14 (base 16) to base 11
-19
Convert -1b (base 13) to base 7.
-33
-79 (base 10) to base 2
-1001111
-da (base 14) to base 9
-233
-3 (base 11) to base 3
-10
a (base 11) to base 6
14
What is 11 (base 11) in base 4?
30
23 (base 7) to base 5
32
2214 (base 5) to base 4
10311
13 (base 8) to base 14
b
Convert 100100011 (base 2) to base 13.
195
Convert -32 (base 7) to base 4.
-113
Convert 1002 (base 3) to base 6.
45
-5 (base 14) to base 6
-5
What is 100000 (base 2) in base 9?
35
1110 (base 5) to base 16
9b
Convert 6 (base 16) to base 15.
6
43 (base 11) to base 8
57
Convert -13 (base 12) to base 9.
-16
-3 (base 10) to base 7
-3
Convert 0 (base 13) to base 15.
0
110 (base 3) to base 5
22
Convert -52 (base 12) to base 6.
-142
What is 6 (base 15) in base 5?
11
-100010 (base 2) to base 15
-24
12 (base 6) to base 13
8
Convert 6 (base 15) to base 4.
12
Convert 4 (base 7) to base 14.
4
What is 78 (base 10) in base 14?
58
What is -1303 (base 4) in base 14?
-83
What is -5 (base 14) in base 6?
-5
-6 (base 10) to base 11
-6
Convert -3 (base 5) to base 11.
-3
-4 (base 8) to base 4
-10
Convert 31 (base 10) to base 9.
34
Convert 33 (base 4) to base 11.
14
What is 1100 (base 2) in base 3?
110
Convert -44 (base 11) to base 6.
-120
What is -1 (base 2) in base 10?
-1
What is -4 (base 7) in base 9?
-4
1 (base 2) to base 6
1
70 (base 10) to base 3
2121
Convert 4 (base 5) to base 14.
4
Convert 60 (base 14) to base 15.
59
Convert 100000 (base 2) to base 6.
52
10012 (base 3) to base 6
222
5 (base 10) to base 9
5
What is 4 (base 8) in base 4?
10
160 (base 7) to base 8
133
-13 (base 10) to base 8
-15
Convert -100 (base 4) to base 16.
-10
7 (base 12) to base 6
11
Convert -3 (base 10) to base 7.
-3
Convert -111010 (base 2) to base 11.
-53
What is 54 (base 15) in base 16?
4f
Convert -1100110 (base 2) to base 12.
-86
What is 110000001 (base 2) in base 15?
1aa
Convert 200 (base 6) to base 4.
1020
Convert 14 (base 6) to base 7.
13
Convert -16 (base 9) to base 5.
-30
0 (base 11) to base 3
0
2 (base 15) to base 12
2
What is 2a (base 14) in base 15?
28
Convert -1 (base 15) to base 6.
-1
What is 220 (base 5) in base 10?
60
What is 1 (base 11) in base 16?
1
Convert -210 (base 7) to base 9.
-126
What is 0 (base 4) in base 11?
0
What is -72 (base 15) in base 8?
-153
What is -261 (base 7) in base 15?
-96
Convert 6 (base 15) to base 6.
10
What is -1 (base 15) in base 13?
-1
What is 287 (base 11) in base 4?
11101
What is -7 (base 9) in base 11?
-7
Convert 10110 (base 2) to base 6.
34
Convert 101001 (base 2) to base 4.
221
-49 (base 14) to base 13
-50
What is -51 (base 10) in base 8?
-63
Convert 100012 (base 3) to base 14.
13a
211 (base 3) to base 8
26
What is 6 (base 13) in base 6?
10
Convert -5 (base 12) to base 7.
-5
What is -11 (base 2) in base 10?
-3
322 (base 5) to base 6
223
3 (base 5) to base 15
3
What is 1000000 (base 2) in base 10?
64
What is -11112 (base 3) in base 4?
-1322
Convert 11 (base 2) to base 10.
3
What is -20 (base 10) in base 6?
-32
What is 150 (base 9) in base 3?
11200
Convert -40 (base 8) to base 4.
-200
Convert -1c (base 16) to base 13.
-22
0 (base 12) to base 8
0
What is 24 (base 8) in base 6?
32
Convert 9 (base 12) to base 15.
9
-1c (base 15) to base 6
-43
Convert -11 (base 6) to base 7.
-10
Convert -12 (base 7) to base 2.
-1001
Convert -50 (base 16) to base 9.
-88
Convert 41 (base 11) to base 9.
50
What is -44 (base 12) in base 11?
-48
Convert 150 (base 8) to base 3.
10212
What is -35 (base 12) in base 5?
-131
What is 22 (base 8) in base 12?
16
-24 (base 7) to base 11
-17
Convert -25 (base 9) to base 16.
-17
-10220 (base 3) to base 9
-126
-10101 (base 3) to base 9
-111
-2 (base 13) to base 7
-2
Convert -a (base 12) to base 11.
-a
What is 11 (base 8) in base 9?
10
4 (base 8) to base 16
4
Convert -45 (base 8) to base 6.
-101
Convert 1041 (base 6) to base 4.
3301
Convert 1b (base 14) to base 3.
221
What is -1b (base 16) in base 14?
-1d
Convert 0 (base 16) to base 4.
0
-233 (base 4) to base 16
-2f
What is 0 (base 9) in base 10?
0
3 (base 9) to base 12
3
32 (base 4) to base 8
16
Convert -1 (base 11) to base 14.
-1
Convert -8 (base 9) to base 2.
-1000
What is -21 (base 12) in base 9?
-27
5 (base 13) to base 11
5
What is -10 (base 3) in base 16?
-3
What is -1022 (base 3) in base 5?
-120
What is 7 (base 8) in base 11?
7
Convert -1